{"id":7,"date":"2025-06-01T21:32:14","date_gmt":"2025-06-01T19:32:14","guid":{"rendered":"http:\/\/cnca-plaisance.fr\/?page_id=7"},"modified":"2025-06-05T22:04:30","modified_gmt":"2025-06-05T20:04:30","slug":"presentation-cnca","status":"publish","type":"page","link":"https:\/\/cnca-plaisance.fr\/?page_id=7","title":{"rendered":"Pr\u00e9sentation CNCA"},"content":{"rendered":"\n<p>Le <strong>Cercle Nautique du Cap d&#8217;Agde<\/strong> est une association de plaisanciers unis par la passion de la mer et de la navigation. <br><br>Nous organisons r\u00e9guli\u00e8rement des animations sur diff\u00e9rents th\u00e8mes li\u00e9s \u00e0 la navigation :<br><\/p>\n\n\n\n<ul class=\"wp-block-list\">\n<li>Lecture et compr\u00e9hension des cartes marines<\/li>\n\n\n\n<li>Entretien du moteur<\/li>\n\n\n\n<li>R\u00e9glage des voiles<\/li>\n\n\n\n<li>Premiers secours en mer<\/li>\n\n\n\n<li>M\u00e9t\u00e9o marine<\/li>\n\n\n\n<li>Matelotage<\/li>\n\n\n\n<li>Manoeuvres de port<\/li>\n<\/ul>\n\n\n\n<p>Nous organisons des soir\u00e9es et des journ\u00e9es d\u00e9tente (soir\u00e9es, repas au restaurant etc&#8230;)<br>Nous effectuons tout au long de l&#8217;ann\u00e9e des sorties en mer \u00e0 la journ\u00e9e, des mini croisi\u00e8res de 2 ou 3 jours, des croisi\u00e8res plus longues \u00e0 l&#8217;initiative de membres du CNCA.<\/p>\n\n\n\n<p>Vous pouvez nous retrouver au si\u00e8ge du CNCA situ\u00e9 au 1er \u00e9tage du Centre Nautique tous les vendredis, de 18 \u00e0 20 heures dans une ambiance conviviale.<br>L&#8217;occasion d&#8217;\u00e9changer, s&#8217;entraider, s&#8217;informer, faire des projets de navigation, trouver un \u00e9quipier ou un embarquement &#8230; <\/p>\n","protected":false},"excerpt":{"rendered":"<p>Le Cercle Nautique du Cap d&#8217;Agde est une association de plaisanciers unis par la passion de la mer et de la navigation. Nous organisons r\u00e9guli\u00e8rement des animations sur diff\u00e9rents th\u00e8mes &#8230; <a href=\"https:\/\/cnca-plaisance.fr\/?page_id=7\" class=\"more-link\">Read More<span class=\"screen-reader-text\"> &#8220;Pr\u00e9sentation CNCA&#8221;<\/span> &raquo;<\/a><\/p>\n","protected":false},"author":1,"featured_media":0,"parent":0,"menu_order":0,"comment_status":"closed","ping_status":"closed","template":"","meta":{"footnotes":""},"class_list":["post-7","page","type-page","status-publish","hentry"],"_links":{"self":[{"href":"https:\/\/cnca-plaisance.fr\/index.php?rest_route=\/wp\/v2\/pages\/7","targetHints":{"allow":["GET"]}}],"collection":[{"href":"https:\/\/cnca-plaisance.fr\/index.php?rest_route=\/wp\/v2\/pages"}],"about":[{"href":"https:\/\/cnca-plaisance.fr\/index.php?rest_route=\/wp\/v2\/types\/page"}],"author":[{"embeddable":true,"href":"https:\/\/cnca-plaisance.fr\/index.php?rest_route=\/wp\/v2\/users\/1"}],"replies":[{"embeddable":true,"href":"https:\/\/cnca-plaisance.fr\/index.php?rest_route=%2Fwp%2Fv2%2Fcomments&post=7"}],"version-history":[{"count":3,"href":"https:\/\/cnca-plaisance.fr\/index.php?rest_route=\/wp\/v2\/pages\/7\/revisions"}],"predecessor-version":[{"id":235,"href":"https:\/\/cnca-plaisance.fr\/index.php?rest_route=\/wp\/v2\/pages\/7\/revisions\/235"}],"wp:attachment":[{"href":"https:\/\/cnca-plaisance.fr\/index.php?rest_route=%2Fwp%2Fv2%2Fmedia&parent=7"}],"curies":[{"name":"wp","href":"https:\/\/api.w.org\/{rel}","templated":true}]}}