{"id":83,"date":"2025-06-04T22:14:32","date_gmt":"2025-06-04T20:14:32","guid":{"rendered":"http:\/\/cnca-plaisance.fr\/?page_id=83"},"modified":"2025-06-26T14:28:25","modified_gmt":"2025-06-26T12:28:25","slug":"accueil","status":"publish","type":"page","link":"https:\/\/cnca-plaisance.fr\/","title":{"rendered":"Accueil"},"content":{"rendered":"\n<p class=\"has-text-align-center\" style=\"font-size:28px\"><strong>Bienvenue sur le site du CNCA<\/strong><\/p>\n\n\n\n<p>R\u00e9unis par la passion de la mer, nous partageons nos exp\u00e9riences sur l&#8217;eau, nos interrogations techniques, nos d\u00e9couvertes en croisi\u00e8re.<\/p>\n\n\n\n<figure class=\"wp-block-gallery has-nested-images columns-default is-cropped wp-block-gallery-1 is-layout-flex wp-block-gallery-is-layout-flex\">\n<figure class=\"wp-block-image size-large\"><img loading=\"lazy\" decoding=\"async\" width=\"1024\" height=\"681\" data-id=\"229\" src=\"http:\/\/cnca-plaisance.fr\/wp-content\/uploads\/2025\/06\/DSC_5015-1024x681.jpg\" alt=\"\" class=\"wp-image-229\" srcset=\"https:\/\/cnca-plaisance.fr\/wp-content\/uploads\/2025\/06\/DSC_5015-1024x681.jpg 1024w, https:\/\/cnca-plaisance.fr\/wp-content\/uploads\/2025\/06\/DSC_5015-300x200.jpg 300w, https:\/\/cnca-plaisance.fr\/wp-content\/uploads\/2025\/06\/DSC_5015-768x511.jpg 768w, https:\/\/cnca-plaisance.fr\/wp-content\/uploads\/2025\/06\/DSC_5015-1536x1022.jpg 1536w, https:\/\/cnca-plaisance.fr\/wp-content\/uploads\/2025\/06\/DSC_5015-2048x1363.jpg 2048w\" sizes=\"auto, (max-width: 1024px) 100vw, 1024px\" \/><\/figure>\n\n\n\n<figure class=\"wp-block-image size-large\"><img loading=\"lazy\" decoding=\"async\" width=\"1024\" height=\"681\" data-id=\"227\" src=\"http:\/\/cnca-plaisance.fr\/wp-content\/uploads\/2025\/06\/DSC_4573-1024x681.jpg\" alt=\"\" class=\"wp-image-227\" srcset=\"https:\/\/cnca-plaisance.fr\/wp-content\/uploads\/2025\/06\/DSC_4573-1024x681.jpg 1024w, https:\/\/cnca-plaisance.fr\/wp-content\/uploads\/2025\/06\/DSC_4573-300x200.jpg 300w, https:\/\/cnca-plaisance.fr\/wp-content\/uploads\/2025\/06\/DSC_4573-768x511.jpg 768w, https:\/\/cnca-plaisance.fr\/wp-content\/uploads\/2025\/06\/DSC_4573-1536x1022.jpg 1536w, https:\/\/cnca-plaisance.fr\/wp-content\/uploads\/2025\/06\/DSC_4573-2048x1363.jpg 2048w\" sizes=\"auto, (max-width: 1024px) 100vw, 1024px\" \/><\/figure>\n\n\n\n<figure class=\"wp-block-image size-large\"><img loading=\"lazy\" decoding=\"async\" width=\"1024\" height=\"681\" data-id=\"231\" src=\"http:\/\/cnca-plaisance.fr\/wp-content\/uploads\/2025\/06\/DSC_5016-1-1024x681.jpg\" alt=\"\" class=\"wp-image-231\" srcset=\"https:\/\/cnca-plaisance.fr\/wp-content\/uploads\/2025\/06\/DSC_5016-1-1024x681.jpg 1024w, https:\/\/cnca-plaisance.fr\/wp-content\/uploads\/2025\/06\/DSC_5016-1-300x200.jpg 300w, https:\/\/cnca-plaisance.fr\/wp-content\/uploads\/2025\/06\/DSC_5016-1-768x511.jpg 768w, https:\/\/cnca-plaisance.fr\/wp-content\/uploads\/2025\/06\/DSC_5016-1-1536x1022.jpg 1536w, https:\/\/cnca-plaisance.fr\/wp-content\/uploads\/2025\/06\/DSC_5016-1-2048x1363.jpg 2048w\" sizes=\"auto, (max-width: 1024px) 100vw, 1024px\" \/><\/figure>\n<\/figure>\n","protected":false},"excerpt":{"rendered":"<p>Bienvenue sur le site du CNCA R\u00e9unis par la passion de la mer, nous partageons nos exp\u00e9riences sur l&#8217;eau, nos interrogations techniques, nos d\u00e9couvertes en croisi\u00e8re.<\/p>\n","protected":false},"author":1,"featured_media":0,"parent":0,"menu_order":0,"comment_status":"closed","ping_status":"closed","template":"","meta":{"footnotes":""},"class_list":["post-83","page","type-page","status-publish","hentry"],"_links":{"self":[{"href":"https:\/\/cnca-plaisance.fr\/index.php?rest_route=\/wp\/v2\/pages\/83","targetHints":{"allow":["GET"]}}],"collection":[{"href":"https:\/\/cnca-plaisance.fr\/index.php?rest_route=\/wp\/v2\/pages"}],"about":[{"href":"https:\/\/cnca-plaisance.fr\/index.php?rest_route=\/wp\/v2\/types\/page"}],"author":[{"embeddable":true,"href":"https:\/\/cnca-plaisance.fr\/index.php?rest_route=\/wp\/v2\/users\/1"}],"replies":[{"embeddable":true,"href":"https:\/\/cnca-plaisance.fr\/index.php?rest_route=%2Fwp%2Fv2%2Fcomments&post=83"}],"version-history":[{"count":11,"href":"https:\/\/cnca-plaisance.fr\/index.php?rest_route=\/wp\/v2\/pages\/83\/revisions"}],"predecessor-version":[{"id":232,"href":"https:\/\/cnca-plaisance.fr\/index.php?rest_route=\/wp\/v2\/pages\/83\/revisions\/232"}],"wp:attachment":[{"href":"https:\/\/cnca-plaisance.fr\/index.php?rest_route=%2Fwp%2Fv2%2Fmedia&parent=83"}],"curies":[{"name":"wp","href":"https:\/\/api.w.org\/{rel}","templated":true}]}}